
7
Let v be 4*(11 - (-6)/2). Let y be (-1)/(-2)*(-7 - -105). Let l = -35 + y. Calculate the highest common factor of v and l.
14
Let c(a) = -8*a - 5. Let g be c(-5). Suppose 0*d - 190 = 5*d. Let u = -33 - d. What is the greatest common factor of g and u?
5
Suppose i - d - 69 = -17, -2*i - 5*d = -125. Suppose 6*k = 15*k - 45. What is the highest common factor of k and i?
5
Let w = -5 - -7. Suppose -i + 16 = 4*r, 0*r - 2 = 2*r - w*i. Suppose -j + 45 + 9 = r*c, 0 = 2*j - 5*c - 141. What is the highest common divisor of 7 and j?
7
Let o be (-14)/(-3) - (-30)/(-45). Suppose -5*r + 1530 = o*r. What is the highest common factor of r and 34?
34
Let c be 3/(-12) - (-162)/8. Let j be 8/c - 69/(-15). Let h(r) = r**3 - 5*r**2 + 3*r + 6. Let a be h(j). What is the greatest common divisor of 189 and a?
21
Suppose -2*n + 3 = -r - 4, r - 5 = -4*n. Calculate the greatest common divisor of 5 and n.
1
Let b(g) be the second derivative of -g**4/12 + 73*g**2/2 - 8*g. Let v be b(0). Let a = -41 + v. What is the highest common factor of 8 and a?
8
Let g be 426 - ((-5)/(-3) + (-8)/12). What is the highest common divisor of g and 34?
17
Suppose o - 27 = 4*y, 3*o + 2*y - 7*y - 60 = 0. What is the greatest common factor of 255 and o?
15
Let n = -167 - -547. What is the greatest common factor of 114 and n?
38
Suppose -f - 119 = -5*f - 5*b, f - b = 41. Let i be (-24)/36 + (-76)/3. Let z be (-3)/((-3)/(-2)) - i. What is the greatest common factor of f and z?
12
Suppose 2*v = b - 106, 4*b + 5*v = -18 + 377. Suppose 5*m - b = 169. Suppose -l - m = -z, -2*z + l + 62 = -47. What is the greatest common divisor of z and 8?
8
Suppose -1348 = -398*m + 309*m + 5772. Let v(z) = 8*z**2. Let o be v(-2). What is the highest common divisor of m and o?
16
Suppose 2*l + 11 = 3*k + 4*l, 5*l + 10 = 0. Let f be -4 - (5 + k + -56). What is the highest common factor of f and 105?
21
Let p(h) = h**3 + 13*h**2 + 19*h - 13. Let k = -17 + 8. Let w be p(k). Calculate the highest common factor of 28 and w.
28
Suppose b - f - 2 = 2*f, 0 = -2*f - 2. Let z be 28*b/4*-1. What is the greatest common divisor of 70 and z?
7
Let u(x) = 3*x**3 + 5*x**2 + 3*x + 4. Let k be u(-2). Let t(l) = l**2 - 2*l - 3. Let y be t(k). Calculate the greatest common factor of y and 18.
9
Suppose 398 + 1152 = 31*r. What is the greatest common factor of r and 200?
50
Let k(u) = 28*u + 2 - 2 + 1. Let n be k(1). Suppose 2*l - 3 = n. Calculate the greatest common factor of l and 2.
2
Let r be 36/9*77/4 + 3. Calculate the greatest common factor of r and 2000.
80
Suppose -5*x + 3*i = -105, x = 3*x + 3*i - 63. Let a be 24/((-11)/2 + 4). Let g = a + 19. Calculate the greatest common divisor of g and x.
3
Let a(n) = -3*n**2 - 58*n - 13. Let r be a(-19). What is the greatest common divisor of 231 and r?
3
Let c = 2081 + -2079. Calculate the greatest common factor of 42 and c.
2
Let l be (7 - (-3)/(-3)) + 1. Suppose -d + 4 = 3*d, 5*y - 3*d - l = 0. Suppose 2*b + y*b = 32. What is the greatest common divisor of 8 and b?
8
Let k = -4974 + 4979. Let p = 8 - 14. Let o be p/((-7)/5 + 1). What is the highest common factor of o and k?
5
Let j(o) = 9*o + 94. Let i be j(-9). What is the greatest common divisor of i and 143?
13
Let q = -91 + 131. Let v(t) = -t**2 + 5*t. Let h be v(5). Suppose h = -5*j - 10 + 35. What is the highest common divisor of j and q?
5
Suppose 2*w - 32 = 6. Let k be w*(2 - (-2 - -3)). Let q(g) = g**3 - 7*g - 3. Let o be q(6). What is the greatest common factor of k and o?
19
Suppose 32*q = 44*q - 3060. What is the highest common factor of q and 153?
51
Suppose 13*v + 32 = 17*v. What is the greatest common divisor of 72 and v?
8
Let j be (-2)/(-2) - -289*1. Let o be 6/10 - (-9)/(-15). Let y be 1*29 + o/(-14). Calculate the greatest common divisor of j and y.
29
Suppose 2*h = -426 + 3186. Let d be h/135 - (-2)/(-9). Suppose -4*a = 2*q - 0*q - 278, 3*a = q + 211. What is the highest common divisor of a and d?
10
Suppose 0 = -5*m + 36 + 39. Let d(s) = 9*s + 7. Let k be d(4). Let f = 103 - k. What is the highest common factor of m and f?
15
Let q be 5/(2/(-4)*1). Let v = 122 + q. Let x be 3 + (15 - (6/2 + -1)). Calculate the greatest common divisor of v and x.
16
Let z = 570 + -520. What is the greatest common divisor of 90 and z?
10
Let z = -481 + 640. What is the highest common divisor of 3 and z?
3
Let n(v) = -v**3 + 4*v**2 + 7*v + 1. Let s be n(5). Let m = 46 + s. Let h(o) = 9*o + 1. Let z be h(2). What is the greatest common divisor of m and z?
19
Let a = -41 - -45. Suppose 0 = 2*x + a*y - 16, 2*x + 4*y - 10 = x. Calculate the greatest common factor of 30 and x.
6
Suppose 4*c + 2*s + 2 = 0, -3*c + 0 = 2*s + 2. Suppose -l = c, -l + 4 = 4*v + l. Let u be v/((-2)/(-246)) + -3. What is the highest common divisor of u and 30?
30
Let x = 34 - 4. Suppose 0*j + 3*j + 1 = -b, -3*j = -6. Let a = b - -17. Calculate the highest common factor of x and a.
10
Let v be 24/(-18)*(-1 + -2) + -1. Let c be ((-15)/(-20))/(v/168). What is the highest common factor of c and 21?
21
Let j be (-2 - (-1 + -2) - -3)/2. Suppose -3*f - f = 4*m - 24, -f + 8 = j*m. What is the greatest common divisor of f and 4?
4
Suppose -6 + 12 = 2*x, 5*l = 5*x + 85. What is the greatest common divisor of l and 80?
20
Suppose 3*j = -2*k + 55, -4*k + 9*k - 55 = -2*j. Suppose -2*v = -5*v + 225. Calculate the greatest common divisor of j and v.
15
Let o(r) = r**3 + 4*r**2 + 5*r + 3. Let t be o(-3). Let z be (-122)/t - 24/(-18). What is the greatest common divisor of z and 14?
14
Suppose -8 = -5*t + t. Suppose -l - 4*g = -4, -10*l + 16 = -6*l - 3*g. Calculate the highest common factor of t and l.
2
Suppose 0 = -7*s + 9*s - 26. Let a = 0 - -10. Suppose -b + a = -3. What is the highest common factor of s and b?
13
Suppose 5*n + a + 4*a - 390 = 0, 2 = -a. What is the highest common factor of n and 260?
20
Suppose 0 = -20131*u + 20117*u + 2310. Let c be (3 - 1) + 14 + -1. Calculate the greatest common divisor of u and c.
15
Let j(p) = -p + 19. Suppose -1 = -2*s - 3. Let i be (23 + -10)*(-1)/s. Let u be j(i). Calculate the greatest common factor of u and 3.
3
Let i = 15 + 3. Suppose 0 = -2*w - 2*j + 7*j + 37, 5*w + 5*j = 5. What is the highest common divisor of w and i?
6
Suppose b = 4*h - 9*h + 24, 0 = h - 2*b - 7. Suppose 3*y - 2*d - 5 = 0, -3*d + h = y - 7*d. Calculate the greatest common divisor of y and 7.
1
Let d = 8 - -7. What is the greatest common factor of d and 25?
5
Suppose 0 = -3*u - 3*a + 24, -u + 48*a - 51*a + 12 = 0. Calculate the highest common factor of u and 34.
2
Let i(n) be the third derivative of -n**4 - 3*n**3 - 5*n**2. Let q be i(-6). What is the highest common factor of 14 and q?
14
Let t be 710/60 + 1/6. Let i(q) = q**3 - 13*q**2 + 13*q - 7. Let r be i(t). Let x = r + 23. Calculate the greatest common factor of 56 and x.
28
Suppose 2*g - 20*k + 23*k = 28, g - 2*k = 21. Calculate the highest common divisor of g and 2771.
17
Suppose 2*n - 4*n + 3*s = 13, 5*s = 3*n + 22. Let m be 3/((-9)/(-6)) + -2. Suppose 3*o - 21 = -m*o. What is the greatest common factor of o and n?
1
Let c(b) be the third derivative of b**6/120 + b**5/60 + b**4/8 + 5*b**3/2 - 14*b**2. Let j be c(0). Calculate the greatest common divisor of j and 6.
3
Let h = 2 - -3. Suppose -14 = -h*g + 16. Let j(w) = 3*w - 6. Let x be j(g). Calculate the highest common factor of x and 108.
12
Let n(g) = -1 + g + 3 + g + 13. Let w be n(5). Let r(u) = u**2 - u + 4. Let i be r(3). Calculate the greatest common divisor of i and w.
5
Let m = 33 + 0. Suppose -5*y - 23 = -108. Suppose y*w + 33 = 20*w. Calculate the greatest common factor of m and w.
11
Let h(z) = -z**3 - 14*z + 66. Let n be h(0). What is the highest common factor of n and 528?
66
Let u be 2*(-3)/18*-309. Suppose -4*z + 4*h + 88 = 0, -z + h = -5*z + u. Suppose -4*v = -19 - z. Calculate the greatest common factor of 44 and v.
11
Let o = -2309 - -3487. Calculate the highest common divisor of 93 and o.
31
Suppose q - 4*z - 22 = -0*q, 4*q + 3*z = 69. Let u = 45 - 48. Let k be (-2 + -2)*(0 + u/6). What is the greatest common factor of k and q?
2
Suppose -4*s - 4*u = u + 387, 5*s - 5*u + 495 = 0. Let v be s/(-5) - (-4)/10. What is the highest common factor of v and 10?
10
Suppose 10 - 34 = -12*f. Suppose 0 = -f*v - 0*v + 26. What is the gre